{"id":186,"date":"2017-01-10T09:48:23","date_gmt":"2017-01-10T08:48:23","guid":{"rendered":"http:\/\/www.ema-chartres.org\/?page_id=186"},"modified":"2024-04-07T21:08:41","modified_gmt":"2024-04-07T20:08:41","slug":"partenaires","status":"publish","type":"page","link":"https:\/\/www.ema-chartres.org\/index.php\/partenaires\/","title":{"rendered":"Partenaires"},"content":{"rendered":"<p><strong>Quelques partenaires pour \u00e9change de lien :<\/strong><\/p>\n<p>Antre du Blup : Boutique de <a href=\"http:\/\/www.antredublup.com\">Warhammer<\/a> et de Jeux de Soci\u00e9t\u00e9 sur Chartres.<\/p>\n","protected":false},"excerpt":{"rendered":"<p>Quelques partenaires pour \u00e9change de lien : Antre du Blup : Boutique de Warhammer et de Jeux de Soci\u00e9t\u00e9 sur Chartres.<\/p>\n","protected":false},"author":1,"featured_media":0,"parent":0,"menu_order":9,"comment_status":"closed","ping_status":"closed","template":"","meta":[],"_links":{"self":[{"href":"https:\/\/www.ema-chartres.org\/index.php\/wp-json\/wp\/v2\/pages\/186"}],"collection":[{"href":"https:\/\/www.ema-chartres.org\/index.php\/wp-json\/wp\/v2\/pages"}],"about":[{"href":"https:\/\/www.ema-chartres.org\/index.php\/wp-json\/wp\/v2\/types\/page"}],"author":[{"embeddable":true,"href":"https:\/\/www.ema-chartres.org\/index.php\/wp-json\/wp\/v2\/users\/1"}],"replies":[{"embeddable":true,"href":"https:\/\/www.ema-chartres.org\/index.php\/wp-json\/wp\/v2\/comments?post=186"}],"version-history":[{"count":6,"href":"https:\/\/www.ema-chartres.org\/index.php\/wp-json\/wp\/v2\/pages\/186\/revisions"}],"predecessor-version":[{"id":303,"href":"https:\/\/www.ema-chartres.org\/index.php\/wp-json\/wp\/v2\/pages\/186\/revisions\/303"}],"wp:attachment":[{"href":"https:\/\/www.ema-chartres.org\/index.php\/wp-json\/wp\/v2\/media?parent=186"}],"curies":[{"name":"wp","href":"https:\/\/api.w.org\/{rel}","templated":true}]}}