{"id":11,"date":"2016-07-19T17:19:10","date_gmt":"2016-07-19T16:19:10","guid":{"rendered":"http:\/\/www.ema-chartres.org\/?page_id=11"},"modified":"2017-12-06T15:07:07","modified_gmt":"2017-12-06T14:07:07","slug":"cours-basse-chartres","status":"publish","type":"page","link":"https:\/\/www.ema-chartres.org\/index.php\/cours-basse-chartres\/","title":{"rendered":"Cours Basse Chartres"},"content":{"rendered":"<p><strong>Les Cours de basse \u00e0 Chartres :\u00a0<\/strong><\/p>\n<p><strong><span style=\"text-decoration: underline;\">Technique :<\/span><\/strong><\/p>\n<ul>\n<li class=\"paragraph_style_4\">Jeu au doigts,technique du pouce, slap.<\/li>\n<li class=\"paragraph_style_4\">Travail de la main gauche (\u00e9chauffements, effets de jeu).<\/li>\n<li class=\"paragraph_style_4\">Etude de slyle (rock, blues, funk, m\u00e9tal, chanson).<\/li>\n<\/ul>\n<p class=\"paragraph_style_3\"><span style=\"text-decoration: underline;\"><strong>Accompagnement :<\/strong><\/span><\/p>\n<ul>\n<li class=\"paragraph_style_3\">Basse\/ Batterie<\/li>\n<li class=\"paragraph_style_4\">Groove<\/li>\n<li class=\"paragraph_style_4\">Harmonie appliqu\u00e9e<\/li>\n<li class=\"paragraph_style_4\">Jeux cr\u00e9atifs<\/li>\n<li class=\"paragraph_style_4\">Le r\u00f4le dans le groupe + atelier<\/li>\n<li class=\"paragraph_style_4\">Enregistrement<\/li>\n<\/ul>\n<p class=\"paragraph_style_3\"><span style=\"text-decoration: underline;\"><strong>Harmonie :<\/strong><\/span><\/p>\n<ul>\n<li class=\"paragraph_style_3\">Cycles, cadences et s\u00e9quences<\/li>\n<li class=\"paragraph_style_3\">Modulation<\/li>\n<li class=\"paragraph_style_3\">Solf\u00e8ge rythmique<\/li>\n<li class=\"paragraph_style_3\">Oreille<\/li>\n<li class=\"paragraph_style_3\">Solf\u00e8ge et lecture de grille<\/li>\n<li class=\"paragraph_style_3\">Composition<\/li>\n<li class=\"paragraph_style_3\">Arrangement<\/li>\n<\/ul>\n<p><img loading=\"lazy\" decoding=\"async\" class=\"alignnone size-full wp-image-114\" src=\"http:\/\/www.ema-chartres.org\/wp-content\/uploads\/2016\/07\/photo-fred-1.jpg\" alt=\"photo fred 1\" width=\"640\" height=\"960\" srcset=\"https:\/\/www.ema-chartres.org\/wp-content\/uploads\/2016\/07\/photo-fred-1.jpg 640w, https:\/\/www.ema-chartres.org\/wp-content\/uploads\/2016\/07\/photo-fred-1-200x300.jpg 200w, https:\/\/www.ema-chartres.org\/wp-content\/uploads\/2016\/07\/photo-fred-1-620x930.jpg 620w\" sizes=\"auto, (max-width: 640px) 100vw, 640px\" \/><\/p>\n<p class=\"paragraph_style_2\"><strong>Fr\u00e9d\u00e9ric Quillet :<\/strong><\/p>\n<p>Fr\u00e9d\u00e9ric Quillet est musicien et professeur de basse et de guitare depuis plus de 10 ans. Il est dipl\u00f4m\u00e9 d&rsquo;une licence de musicologie (Poitiers), de l&rsquo;\u00e9cole \u00ab\u00a0Tous en sc\u00e8ne\u00a0\u00bb (Tours) et d&rsquo;un DEM Musiques Actuelles Amplifi\u00e9es (Edim Cachan).<\/p>\n<p>Pour les d\u00e9butants, les cours de basse visent avant tout la maitrise de l&rsquo;instrument tout en permettant de travailler les fondamentaux du musicien (rythme, oreille, connaissances musicales). Le but \u00e9tant d&rsquo;acqu\u00e9rir rapidement un niveau suffisant pour jouer en groupe. Pour les bassistes plus avanc\u00e9s, les cours permettent d\u2019approfondir de ces notions de bases (groove, accords\/gammes, slap, improvisation) et ceci dans diff\u00e9rents styles (rock, pop, jazz, funk, hard). Les cours s&rsquo;appuient sur une m\u00e9thode efficace (playback, m\u00e9tronome, mp3) qui permet \u00e0 l&rsquo;\u00e9l\u00e8ve de progresser rapidement sur l&rsquo;instrument, tout en d\u00e9veloppant sa musicalit\u00e9.<\/p>\n","protected":false},"excerpt":{"rendered":"<p>Les Cours de basse \u00e0 Chartres :\u00a0 Technique : Jeu au doigts,technique du pouce, slap. Travail de la main gauche (\u00e9chauffements, effets de jeu). Etude de slyle (rock, blues, funk, m\u00e9tal, chanson). Accompagnement : Basse\/ Batterie Groove Harmonie appliqu\u00e9e Jeux cr\u00e9atifs Le r\u00f4le dans le groupe + atelier Enregistrement Harmonie : Cycles, cadences et s\u00e9quences [&hellip;]<\/p>\n","protected":false},"author":1,"featured_media":0,"parent":0,"menu_order":3,"comment_status":"closed","ping_status":"closed","template":"","meta":{"footnotes":""},"class_list":["post-11","page","type-page","status-publish","hentry"],"yoast_head":"<!-- This site is optimized with the Yoast SEO plugin v27.4 - https:\/\/yoast.com\/product\/yoast-seo-wordpress\/ -->\n<title>Cours Basse Chartres - EMA<\/title>\n<meta name=\"description\" content=\"Fr\u00e9d\u00e9ric QuilletProfesseur de basse et de guitare EMA depuis 2004. Dipl\u00f4m\u00e9 d\u2019un DEM de musique actuelle, d\u2019une licence de musicologie et de Tous En Scene\" \/>\n<meta name=\"robots\" content=\"index, follow, max-snippet:-1, max-image-preview:large, max-video-preview:-1\" \/>\n<link rel=\"canonical\" href=\"https:\/\/www.ema-chartres.org\/index.php\/cours-basse-chartres\/\" \/>\n<meta property=\"og:locale\" content=\"fr_FR\" \/>\n<meta property=\"og:type\" content=\"article\" \/>\n<meta property=\"og:title\" content=\"Cours Basse Chartres - EMA\" \/>\n<meta property=\"og:description\" content=\"Fr\u00e9d\u00e9ric QuilletProfesseur de basse et de guitare EMA depuis 2004. Dipl\u00f4m\u00e9 d\u2019un DEM de musique actuelle, d\u2019une licence de musicologie et de Tous En Scene\" \/>\n<meta property=\"og:url\" content=\"https:\/\/www.ema-chartres.org\/index.php\/cours-basse-chartres\/\" \/>\n<meta property=\"og:site_name\" content=\"EMA\" \/>\n<meta property=\"article:modified_time\" content=\"2017-12-06T14:07:07+00:00\" \/>\n<meta property=\"og:image\" content=\"https:\/\/www.ema-chartres.org\/wp-content\/uploads\/2016\/07\/photo-fred-1.jpg\" \/>\n\t<meta property=\"og:image:width\" content=\"640\" \/>\n\t<meta property=\"og:image:height\" content=\"960\" \/>\n\t<meta property=\"og:image:type\" content=\"image\/jpeg\" \/>\n<meta name=\"twitter:card\" content=\"summary_large_image\" \/>\n<meta name=\"twitter:label1\" content=\"Dur\u00e9e de lecture estim\u00e9e\" \/>\n\t<meta name=\"twitter:data1\" content=\"1 minute\" \/>\n<script type=\"application\/ld+json\" class=\"yoast-schema-graph\">{\"@context\":\"https:\\\/\\\/schema.org\",\"@graph\":[{\"@type\":\"WebPage\",\"@id\":\"https:\\\/\\\/www.ema-chartres.org\\\/index.php\\\/cours-basse-chartres\\\/\",\"url\":\"https:\\\/\\\/www.ema-chartres.org\\\/index.php\\\/cours-basse-chartres\\\/\",\"name\":\"Cours Basse Chartres - EMA\",\"isPartOf\":{\"@id\":\"https:\\\/\\\/www.ema-chartres.org\\\/#website\"},\"primaryImageOfPage\":{\"@id\":\"https:\\\/\\\/www.ema-chartres.org\\\/index.php\\\/cours-basse-chartres\\\/#primaryimage\"},\"image\":{\"@id\":\"https:\\\/\\\/www.ema-chartres.org\\\/index.php\\\/cours-basse-chartres\\\/#primaryimage\"},\"thumbnailUrl\":\"http:\\\/\\\/www.ema-chartres.org\\\/wp-content\\\/uploads\\\/2016\\\/07\\\/photo-fred-1.jpg\",\"datePublished\":\"2016-07-19T16:19:10+00:00\",\"dateModified\":\"2017-12-06T14:07:07+00:00\",\"description\":\"Fr\u00e9d\u00e9ric QuilletProfesseur de basse et de guitare EMA depuis 2004. Dipl\u00f4m\u00e9 d\u2019un DEM de musique actuelle, d\u2019une licence de musicologie et de Tous En Scene\",\"breadcrumb\":{\"@id\":\"https:\\\/\\\/www.ema-chartres.org\\\/index.php\\\/cours-basse-chartres\\\/#breadcrumb\"},\"inLanguage\":\"fr-FR\",\"potentialAction\":[{\"@type\":\"ReadAction\",\"target\":[\"https:\\\/\\\/www.ema-chartres.org\\\/index.php\\\/cours-basse-chartres\\\/\"]}]},{\"@type\":\"ImageObject\",\"inLanguage\":\"fr-FR\",\"@id\":\"https:\\\/\\\/www.ema-chartres.org\\\/index.php\\\/cours-basse-chartres\\\/#primaryimage\",\"url\":\"https:\\\/\\\/www.ema-chartres.org\\\/wp-content\\\/uploads\\\/2016\\\/07\\\/photo-fred-1.jpg\",\"contentUrl\":\"https:\\\/\\\/www.ema-chartres.org\\\/wp-content\\\/uploads\\\/2016\\\/07\\\/photo-fred-1.jpg\",\"width\":640,\"height\":960},{\"@type\":\"BreadcrumbList\",\"@id\":\"https:\\\/\\\/www.ema-chartres.org\\\/index.php\\\/cours-basse-chartres\\\/#breadcrumb\",\"itemListElement\":[{\"@type\":\"ListItem\",\"position\":1,\"name\":\"Accueil\",\"item\":\"https:\\\/\\\/www.ema-chartres.org\\\/\"},{\"@type\":\"ListItem\",\"position\":2,\"name\":\"Cours Basse Chartres\"}]},{\"@type\":\"WebSite\",\"@id\":\"https:\\\/\\\/www.ema-chartres.org\\\/#website\",\"url\":\"https:\\\/\\\/www.ema-chartres.org\\\/\",\"name\":\"EMA\",\"description\":\"Ecole des Musiques Actuelles\",\"potentialAction\":[{\"@type\":\"SearchAction\",\"target\":{\"@type\":\"EntryPoint\",\"urlTemplate\":\"https:\\\/\\\/www.ema-chartres.org\\\/?s={search_term_string}\"},\"query-input\":{\"@type\":\"PropertyValueSpecification\",\"valueRequired\":true,\"valueName\":\"search_term_string\"}}],\"inLanguage\":\"fr-FR\"}]}<\/script>\n<!-- \/ Yoast SEO plugin. -->","yoast_head_json":{"title":"Cours Basse Chartres - EMA","description":"Fr\u00e9d\u00e9ric QuilletProfesseur de basse et de guitare EMA depuis 2004. Dipl\u00f4m\u00e9 d\u2019un DEM de musique actuelle, d\u2019une licence de musicologie et de Tous En Scene","robots":{"index":"index","follow":"follow","max-snippet":"max-snippet:-1","max-image-preview":"max-image-preview:large","max-video-preview":"max-video-preview:-1"},"canonical":"https:\/\/www.ema-chartres.org\/index.php\/cours-basse-chartres\/","og_locale":"fr_FR","og_type":"article","og_title":"Cours Basse Chartres - EMA","og_description":"Fr\u00e9d\u00e9ric QuilletProfesseur de basse et de guitare EMA depuis 2004. Dipl\u00f4m\u00e9 d\u2019un DEM de musique actuelle, d\u2019une licence de musicologie et de Tous En Scene","og_url":"https:\/\/www.ema-chartres.org\/index.php\/cours-basse-chartres\/","og_site_name":"EMA","article_modified_time":"2017-12-06T14:07:07+00:00","og_image":[{"width":640,"height":960,"url":"https:\/\/www.ema-chartres.org\/wp-content\/uploads\/2016\/07\/photo-fred-1.jpg","type":"image\/jpeg"}],"twitter_card":"summary_large_image","twitter_misc":{"Dur\u00e9e de lecture estim\u00e9e":"1 minute"},"schema":{"@context":"https:\/\/schema.org","@graph":[{"@type":"WebPage","@id":"https:\/\/www.ema-chartres.org\/index.php\/cours-basse-chartres\/","url":"https:\/\/www.ema-chartres.org\/index.php\/cours-basse-chartres\/","name":"Cours Basse Chartres - EMA","isPartOf":{"@id":"https:\/\/www.ema-chartres.org\/#website"},"primaryImageOfPage":{"@id":"https:\/\/www.ema-chartres.org\/index.php\/cours-basse-chartres\/#primaryimage"},"image":{"@id":"https:\/\/www.ema-chartres.org\/index.php\/cours-basse-chartres\/#primaryimage"},"thumbnailUrl":"http:\/\/www.ema-chartres.org\/wp-content\/uploads\/2016\/07\/photo-fred-1.jpg","datePublished":"2016-07-19T16:19:10+00:00","dateModified":"2017-12-06T14:07:07+00:00","description":"Fr\u00e9d\u00e9ric QuilletProfesseur de basse et de guitare EMA depuis 2004. Dipl\u00f4m\u00e9 d\u2019un DEM de musique actuelle, d\u2019une licence de musicologie et de Tous En Scene","breadcrumb":{"@id":"https:\/\/www.ema-chartres.org\/index.php\/cours-basse-chartres\/#breadcrumb"},"inLanguage":"fr-FR","potentialAction":[{"@type":"ReadAction","target":["https:\/\/www.ema-chartres.org\/index.php\/cours-basse-chartres\/"]}]},{"@type":"ImageObject","inLanguage":"fr-FR","@id":"https:\/\/www.ema-chartres.org\/index.php\/cours-basse-chartres\/#primaryimage","url":"https:\/\/www.ema-chartres.org\/wp-content\/uploads\/2016\/07\/photo-fred-1.jpg","contentUrl":"https:\/\/www.ema-chartres.org\/wp-content\/uploads\/2016\/07\/photo-fred-1.jpg","width":640,"height":960},{"@type":"BreadcrumbList","@id":"https:\/\/www.ema-chartres.org\/index.php\/cours-basse-chartres\/#breadcrumb","itemListElement":[{"@type":"ListItem","position":1,"name":"Accueil","item":"https:\/\/www.ema-chartres.org\/"},{"@type":"ListItem","position":2,"name":"Cours Basse Chartres"}]},{"@type":"WebSite","@id":"https:\/\/www.ema-chartres.org\/#website","url":"https:\/\/www.ema-chartres.org\/","name":"EMA","description":"Ecole des Musiques Actuelles","potentialAction":[{"@type":"SearchAction","target":{"@type":"EntryPoint","urlTemplate":"https:\/\/www.ema-chartres.org\/?s={search_term_string}"},"query-input":{"@type":"PropertyValueSpecification","valueRequired":true,"valueName":"search_term_string"}}],"inLanguage":"fr-FR"}]}},"_links":{"self":[{"href":"https:\/\/www.ema-chartres.org\/index.php\/wp-json\/wp\/v2\/pages\/11","targetHints":{"allow":["GET"]}}],"collection":[{"href":"https:\/\/www.ema-chartres.org\/index.php\/wp-json\/wp\/v2\/pages"}],"about":[{"href":"https:\/\/www.ema-chartres.org\/index.php\/wp-json\/wp\/v2\/types\/page"}],"author":[{"embeddable":true,"href":"https:\/\/www.ema-chartres.org\/index.php\/wp-json\/wp\/v2\/users\/1"}],"replies":[{"embeddable":true,"href":"https:\/\/www.ema-chartres.org\/index.php\/wp-json\/wp\/v2\/comments?post=11"}],"version-history":[{"count":9,"href":"https:\/\/www.ema-chartres.org\/index.php\/wp-json\/wp\/v2\/pages\/11\/revisions"}],"predecessor-version":[{"id":257,"href":"https:\/\/www.ema-chartres.org\/index.php\/wp-json\/wp\/v2\/pages\/11\/revisions\/257"}],"wp:attachment":[{"href":"https:\/\/www.ema-chartres.org\/index.php\/wp-json\/wp\/v2\/media?parent=11"}],"curies":[{"name":"wp","href":"https:\/\/api.w.org\/{rel}","templated":true}]}}